g + 1191723 + 6844224. Is g prime?
False
Suppose -3180 + 15 = -3*v. Suppose -v = 4*d + 5509. Let x = 2960 + d. Is x prime?
True
Let w(t) = -14 - 4*t + 18 + 7*t + t**2. Let d be w(-4). Is (3 + 26124/d)*4/6 prime?
True
Let q(y) = 11*y + 4. Let x be q(-2). Let n(c) = 2*c**2 - 17*c - 33. Let h be n(x). Let z = h - 548. Is z a composite number?
False
Let j = -25 - -10. Let t = -9 - j. Let m(w) = 13*w + 5. Is m(t) composite?
False
Let k(x) = -32*x + 3. Let v(b) = 2*b**3 + 2*b**2. Let f be v(-3). Let j be ((-8)/f + (-113)/(-18))*-2. Is k(j) a composite number?
False
Let n be -4*(-4 - (-12)/4). Suppose 4*f + 10*o - 14352 = 6*o, n*o + 10757 = 3*f. Is f a prime number?
False
Suppose -9*n + 0*n = -81. Suppose -11 = -4*t - b, 3*t - 5*b = 5 + n. Suppose -10 = -2*i, -484 + 1431 = t*w + i. Is w composite?
True
Let v(l) = l - 4. Let m be v(1). Let g be (-21)/84 - (-9)/4*m. Is 9950/3 - g/21 a prime number?
False
Let d = 547460 - 274543. Is d composite?
False
Suppose -c = u - 90782, 47*u = 3*c + 44*u - 272376. Is c composite?
False
Suppose -47732 = -10*f + 443848. Suppose -4926 = -4*d + f. Is d prime?
False
Suppose -8*p = 36 - 108. Suppose 3*z + q - 43 = -p, 38 = 3*z - q. Suppose z*k - 618 = 7074. Is k a composite number?
False
Let h = 404230 + -225549. Is h composite?
False
Let x be 6626/((-1)/2*4). Let r = -1800 - x. Is r prime?
False
Is ((-160)/(-15))/32*(-864222)/(-2) a prime number?
True
Suppose 216*b + 9 = 219*b. Suppose -s = 5*f - 46194, b*s - 22427 = -2*f - 3952. Is f prime?
True
Let i be -2 + 0 - (-33 + -965). Is -26*(8 + i/(-8)) composite?
True
Let d(g) = 23*g**3 - g**2 - 7*g + 9. Let r be d(2). Suppose 4*q + q + 490 = 0. Let y = r + q. Is y prime?
False
Let h = -5336 - 8975. Let l be (-1 - -2 - h) + -1 + 0. Suppose -v = -3*z + 3*v + 8591, -5*z = -3*v - l. Is z a composite number?
False
Let a = -480 - -483. Is 1519 - -18 - (a - 2 - 1) composite?
True
Let d(o) = -22*o + 32. Let q be d(1). Is 18892/q + (-11)/55 a prime number?
True
Is ((-6)/(-4))/(756/12072312) a composite number?
True
Suppose -16245 = 4*g + 2*x + 47271, 3*g - 2*x + 47651 = 0. Let j = -8382 - g. Is j a prime number?
True
Is 12 + ((-11)/22*-91610)/1 a composite number?
False
Let z(m) = 42*m**3 + 9*m**2 - 176*m + 1031. Is z(6) a prime number?
True
Suppose -3*i + b = -3*b - 17, 4*i - 25 = 3*b. Suppose 0 = 4*j - i*j - 3, -4*x + 52893 = -j. Is x a composite number?
True
Let k(x) be the first derivative of x**4/4 + 5*x**3/3 + 7*x**2/2 + 14*x + 5. Let q be k(-4). Suppose -q*j + 177 = -77. Is j composite?
False
Let q be ((-2116)/10 - -2)/((-18)/45). Suppose -2*w - 1966 = q. Let v = -710 - w. Is v a prime number?
False
Let t = 238881 + 119096. Is t a composite number?
False
Suppose -86*r + 8*r + 34870586 = -40*r. Is r composite?
True
Suppose 0 = 289*b - 299*b. Let f(w) = 4*w**2 + w. Let d be f(-1). Suppose 3*p + d - 372 = b. Is p composite?
True
Let p be ((-142354)/2)/((-1254)/252 + 5). Is 2/12 - p/252 a prime number?
True
Let s(j) = -10*j + 203. Let x be s(20). Let u = -8 + 13. Suppose -u*o + 2104 = x*o. Is o a prime number?
True
Suppose 69*j = 78*j - 5940. Suppose -5*p + 2*v + j = -1803, -2*p + 982 = -4*v. Is p a prime number?
False
Let v be 16/(-20)*(-7 + 2). Suppose -v*h + 3*d - 7505 = 0, 2*d = -0*h - 2*h - 3770. Let l = 2697 + h. Is l composite?
True
Let k be -24*(39/(-6) - -7). Is (1602/(-72))/(1/k) composite?
True
Suppose 41 = 2*d - 2*i - 375, -4*d + 830 = -5*i. Suppose 213*m - d*m = 17211. Is m prime?
True
Suppose 431*s = 427*s + 8. Let r be (-2)/(-6) - (-1341)/27. Suppose 0 = -n + s, q = 2*n - r + 209. Is q a composite number?
False
Let d(r) = 76*r**3 - 4*r**2 - 3*r + 1. Suppose -3*u - 2*s = -2*u - 2, 5*u - 5*s = 10. Is d(u) a prime number?
True
Suppose 17*t = 16*t - 2908. Let l = -969 - t. Is l prime?
False
Let f(z) = 2*z**3 - 15*z**2 + 7*z. Let n be f(7). Suppose 0 = -5*h - 5*x + 24860, x - 24872 = -5*h - n*x. Let q = h + -3312. Is q a composite number?
False
Let o(p) = p**2 + 35*p + 22. Let b be o(28). Let h = b - -3151. Is h a prime number?
True
Let o = 1 - -29. Let t(z) = 314*z + 41. Is t(o) composite?
False
Suppose -2*u - 2*h + 76 = u, 4*u - 103 = -h. Let t be 1956/(-39) - (-4)/u. Is (12660/t)/((-4)/10) a prime number?
False
Let s(b) = 7*b**3 - 89*b**2 + 130*b + 11. Is s(27) a prime number?
True
Let n = 249658 - 65987. Is n composite?
True
Suppose 4*p = 2*p, p = -3*h - 3*p + 1159377. Is h a prime number?
False
Suppose 4*x - 4*p = -1912, -x + 5*p = 17 + 461. Let h = x - -2385. Is 8/(16/h) - (-2)/(-4) a composite number?
False
Suppose -5*u - 2*q - 33 = 0, 20 = -4*q + 4. Let o(g) = 4*g**2 + 5 - 2 - 4*g + 5 + 6*g**2 - g**2. Is o(u) a composite number?
True
Suppose 5*u + 14*u = 272479. Suppose -5*h + u = -14164. Is h composite?
False
Suppose 2*n - 843219 = -5*q, -3*q - 908928 = -4*n + 777601. Is n a prime number?
False
Suppose -2*p - 26 = -4*p. Let q(w) = -3*w + 39. Let h be q(p). Suppose h = 5*d - 1224 - 3161. Is d prime?
True
Suppose -22 - 8 = -3*g. Suppose -97 = -g*c + 83. Is (746/(-1))/(c/(-27)) composite?
True
Let f(r) = -2*r**2 + 675*r + r**3 - 674*r + 0*r**2. Let v be f(2). Suppose 26 = v*x + 4*l, -x + 5*x + l = 59. Is x prime?
False
Let z be 9*-1*(2 + (-10)/3). Suppose 7*u - z*u = 500. Let y = u + 287. Is y composite?
True
Let q = 2885 - -564. Suppose i + 2 = 0, -5*m + 3*i + q = i. Is m composite?
True
Suppose -537193 = -6*i + 52049. Is i a composite number?
False
Let n(s) = s**2 - s - 1. Let g(o) = -2*o**2 + 7*o + 4. Let d(b) = -g(b) - 3*n(b). Let l be d(-2). Suppose -61 = -l*h + 284. Is h composite?
True
Suppose -3 + 0 = -3*a. Let t be (-2 - 1) + (11 - a). Suppose 6376 = t*z + z. Is z prime?
True
Let c be (3/2)/3*(28 - 12). Is ((-2)/c)/((-1)/556) prime?
True
Let r(l) = -l**3 + l**2 + 2*l + 86. Let n be r(0). Let w(q) = -2*q + 59. Let t be w(27). Suppose -t*j + 2*v + 109 + n = 0, 2*j + v - 69 = 0. Is j composite?
False
Suppose -2*h = -4*r + 55160, 325 = h + 323. Is r a composite number?
True
Let h = 565 - 547. Suppose 407 + 13327 = h*f. Is f a prime number?
False
Let k = -811421 + 1564362. Is k a prime number?
False
Let l(t) = 313*t + 41. Let p be l(-5). Let o = p + 5155. Is o prime?
True
Let f be ((-9)/(18/40))/(-2 + 0). Suppose f*z = 13*z - 1113. Is z a composite number?
True
Suppose 4317079 = -5*n + 9*n + y, 6*n = 4*y + 6475602. Is n prime?
True
Suppose -28 + 402 = s. Let a = s - -1379. Is a a composite number?
False
Let y = 24708 - -57475. Is y composite?
False
Let c(i) = 14*i**3 - 2*i**2 + 5*i - 22. Let u be 1 - (-18)/(-14) - 185/(-35). Is c(u) a composite number?
True
Suppose -r = 0, -2*u - 4*r = -2*r - 466. Let l(q) = -2*q + u*q**2 + 377*q**2 + 61*q**2. Is l(1) composite?
True
Suppose -r - 147665 = s - 4*s, 3*r - 49225 = -s. Is s prime?
False
Let c(l) = -8*l**3 - 6*l**2 + l - 653. Is c(-34) prime?
True
Suppose 4*x - 2*x = -q + 9791, 0 = -2*q + 5*x + 19582. Is q composite?
False
Let z be ((-44)/(-6))/(2/24*2). Suppose -12*d + d = -z. Suppose 1524 = d*s - 344. Is s a prime number?
True
Suppose -27*i + 32*i = 645. Let x = i + -121. Suppose -2*c - x = 0, -g + 3*c = 3*g - 5184. Is g a composite number?
True
Suppose 0 = -118*b + 121*b + 4*z - 1635561, 0 = -2*b - 5*z + 1090367. Is b a composite number?
True
Suppose 104*i - 111*i + 168 = 0. Is 195534/i + 1/(-4) composite?
False
Let g(q) = 2512*q**3 - 3*q + 6. Let m(a) = 1675*a**3 - 2*a + 4. Let y(p) = -5*g(p) + 8*m(p). Is y(1) prime?
False
Let r = 9 - 1. Suppose r*h - 2096 = -0*h. Let f = h - 175. Is f a composite number?
True
Let k = -187 + 411. Suppose 4*s + 2*z - k = 0, -s = -4*z + 8*z - 49. Suppose 3*x = 0, -8*x + s = 3*g - 4*x. Is g prime?
True
Let p be (-4)/(2/12*-8). Suppose p*q - 27753 = -3*w, 2*w + 5*q - 7302 = 11194. Is w composite?
True
Let t(r) = -4*r**2 + 19*r - 15. Let p be t(5). Let m(i) = i**2 + 6*i - 117. Is m(p) prime?
True
Let d(o) be the second derivative of -7*o**5/20 + o**4/6 + 2*o**2 - 5*o. Let x be 2 + (6/(-9)*9 - -1). Is d(x) composite?
False
Suppose b = 4*h - 1 - 2, -4*b = 3*h + 12. Let w be 3/1 - (-2 - -2255)/b. Suppose 3*y = w - 181. Is y composite?
False
Let i = 330 + -335. Let c(u) = -135*u**3 + 6*u**2 + 5*u + 11. Is c(i) a prime number?
True
Is (-10192334)/426*(2 - 11) a composite number?
True
Let r = 6245 + -307. Is r a prime number?
False
Suppose 13*b = 11*b + 5412. Suppose 2*r + 5*v = -0*r